, 5, 7
Suppose h + 3*v = -1003, 5*h + 5043 = -3*v + 2*v. Let p = -446 - h. What are the prime factors of p?
563
Let i(l) = -28*l - l**3 + 27 - 11*l + 18 - 13 - 18*l**2. List the prime factors of i(-18).
2, 367
Let n(p) = -p**3 - 22*p**2 + 2*p + 33. Let u be n(-22). List the prime factors of (-1487)/(-5) + (132/30)/u.
3, 11
Let v(y) = 21*y + 59. Let c be v(17). Let p = -291 + c. List the prime factors of p.
5
Let a(g) = -g**2 - 9*g + 15. Let b be a(-10). Let w be (-16)/(-12)*(-2 + b/(-2)). Let u(k) = -k**3 - k - 5. List the prime factors of u(w).
7, 31
Let q = 39554 - 1799. What are the prime factors of q?
3, 5, 839
Let x(j) = 254*j + 126. What are the prime factors of x(46)?
2, 5, 1181
Let y = -303 - -305. Suppose 0 = -y*f - 12*f + 10486. What are the prime factors of f?
7, 107
Let q(r) = -7 + 10*r + 10 - 4*r**2 + 5*r**2. Let a be (16/(-12))/((-4)/27). What are the prime factors of q(a)?
2, 3, 29
Let o(h) = -h**3 + 32*h**2 + 5*h - 24. Let f be o(32). Let g = 189 - 285. Let y = g + f. List the prime factors of y.
2, 5
Let l(d) = -2*d + 23. Suppose 2*j - 8 = -3*v, -4*j + 5*v = -35 - 3. Let q be l(j). Suppose q = i - h - 11, 2*i - 30 = -3*h. List the prime factors of i.
2, 3
Let t(r) = 3*r + 198. Let g be t(20). Let p = g + -199. List the prime factors of p.
59
Suppose 208 = 4*n - 6*n. Let u = n - -217. Suppose 4*d - 95 = u. What are the prime factors of d?
2, 13
Suppose -2*f = -5*z - 75863, 5*z = 17*f - 22*f + 189640. What are the prime factors of f?
3, 47, 269
Let y(j) = 17*j - 4. Let k be y(-10). Let n = 300 + k. Let h = n - -56. List the prime factors of h.
2, 7, 13
Let i(r) = 20*r**2 - 14*r - 1. Let d(c) = 20*c**2 - 15*c + 1. Let p(o) = -3*d(o) + 4*i(o). What are the prime factors of p(5)?
2, 3, 73
Let r(l) be the first derivative of l**2/2 - l + 207. Suppose 3*o - 2*o - 4 = 0. What are the prime factors of r(o)?
3
Let f = -207 - -1290. Suppose -f = -9*u + 5100. What are the prime factors of u?
3, 229
Suppose -3*x = -3*a + 12639, -16855 = -4*a + 25*x - 22*x. List the prime factors of a.
2, 17, 31
Let g(m) = -m**3 + 36*m**2 - 42*m + 102. What are the prime factors of g(33)?
3, 661
Let t = 8 + 89. Suppose -2*v - 25 = -t. Suppose -5*k + 3*c + 117 = 0, 5*k - 83 - v = c. What are the prime factors of k?
2, 3
Let n be 1/3 - 11/((-165)/190). Let x = 19 - n. List the prime factors of 610/x + 5/((-30)/4).
101
Let q(o) = o**3 + 10*o**2 + 9*o - 9. Let h be q(-10). Let b = -103 - h. What are the prime factors of 318*(6/b - -2)?
3, 53
Let k(y) = y**2 + 7*y - 11. Let n be k(-9). Suppose 3*g - 2*g - n = 0. Suppose -5*u - g = -197. What are the prime factors of u?
2, 19
Let u(v) = 2*v**2 + v + 22. Let n(g) = -g**2 + 1. Let p(b) = -3*n(b) - u(b). Let k be p(11). Let l = k + 133. What are the prime factors of l?
2, 109
Suppose 2*z - 30 = -36. List the prime factors of ((-14)/4 + z)*-94.
13, 47
Let p(t) = t**2 - 37*t - 319. Let o be p(48). Suppose 4*q = 3*d - 638, -2*d + 193 = 2*q - o. What are the prime factors of d?
2, 103
Let o(a) = -41 + 81 - 90*a**2 - 3*a - 37. Let q be o(1). List the prime factors of (-2)/(-10)*-6*q/12.
3
Suppose 5*b - 3*k - 118095 = 0, 4*k - 46137 - 1075 = -2*b. What are the prime factors of b?
2, 3, 41
Suppose -220*i + 1942 = -222*i. Let p = -475 - i. List the prime factors of p.
2, 31
Suppose 10 = 8*q + 2. Let d be -69*(5/15 - q). Suppose -115 = -5*r - 0*t + 2*t, d = 2*r + 2*t. List the prime factors of r.
23
List the prime factors of 57/(-228) + 13657/4.
2, 3, 569
Let i(y) = -y + 15. Let s be i(6). Let x(o) = s*o**2 - 11 - 12 + 16 + 3*o - 5*o. What are the prime factors of x(3)?
2, 17
Let i be 1 + ((-27)/3)/3. Let w be i/4*-16*2. List the prime factors of (-12)/16 + -1 + 2156/w.
7, 19
Let h(o) = 16*o - 16. Let c be h(8). Let t = c - 72. Let a = 109 - t. List the prime factors of a.
3, 23
Let x = 174 + 85. Let f = x - -8. List the prime factors of f.
3, 89
Let u(d) = -d**2 + 18*d - 28. Let s be u(2). Suppose 0 = 3*g + s*w - 3449, -2*w - 25 = -7*w. What are the prime factors of g?
3, 127
Let h(s) = -s**3 - 9*s**2 + 2*s + 18. Let w be h(-9). Suppose w = 6*i - 3*i + 126. Let v = 60 + i. What are the prime factors of v?
2, 3
Suppose -27*r = -250319 + 100289 - 251865. List the prime factors of r.
5, 13, 229
Suppose 2*n = 3*n - 3. Suppose 23*j + 52 = 121. Suppose 0 = -n*g - j*g + 324. What are the prime factors of g?
2, 3
Let b = -291 - -4578. What are the prime factors of b?
3, 1429
Let m(c) = -58*c**3 + c**2 + c + 1. Let q be 10/(-6) + (80/(-15))/(-8). What are the prime factors of m(q)?
59
Let f(j) = j**3 + 121*j**2 - 58*j - 189. List the prime factors of f(-120).
3, 7057
Suppose -2*n = -2*v + 12 - 2, 0 = n + 3. Let l = 3 + v. Suppose 5*x = 26 - 11, -l*d - 5*x = -565. List the prime factors of d.
2, 5, 11
Suppose 0 = n + 5, o - 15 = -0*o + 3*n. Suppose o = 2*g + 3*z + 175 + 150, -5*z = 15. List the prime factors of 0 + (1 - g) + 1.
2, 5
Suppose 171*w = 2155141 + 307601. What are the prime factors of w?
2, 19, 379
Suppose -4*u + 103*r + 30072 = 99*r, 3*u = -2*r + 22539. What are the prime factors of u?
3, 5, 167
Suppose 3*r - 16205 = 2677. What are the prime factors of r?
2, 3, 1049
Suppose o + 5*x = 28, -112 = -2*o - 2*o - 5*x. Let h = -22 - -66. Let b = h - o. What are the prime factors of b?
2
Suppose -13*t + 13940 + 53530 = 0. What are the prime factors of t?
2, 3, 5, 173
What are the prime factors of 407/(-22)*(0 + -84)?
2, 3, 7, 37
Let w be 1186 + 2*(-1 - 1). Suppose -5*g = -5*b - 3490, 2*g - 194 - w = -2*b. What are the prime factors of g?
3, 7, 11
Let o = 4980 + -2617. List the prime factors of o.
17, 139
Suppose 2*y = -3*v - 2, 4*v + 4 = -y - 2. Let f(m) = -2*m**y + 23*m**2 - 1 + 3*m**2 + 0. What are the prime factors of f(-1)?
23
Suppose -5*h + 101 = -3*q + 11395, 0 = -4*q + 3*h + 15044. List the prime factors of q.
2, 1879
Suppose -4*i - 5 + 17 = 0, 2*i - 6 = -5*k. Suppose k = 3*t - 5*r - 5213, -4*t = 3*r - 6912 - 87. What are the prime factors of t?
2, 3, 97
Let m(y) = -y**2 + 14*y + 35. Let d be m(16). Suppose d*u = -4*j + 79, -3*j + 5*u = -33 - 48. Let h = j - -10. What are the prime factors of h?
2
Let a(w) = -5 + w**2 + 5*w - 1 - 5*w - 2*w. Let f be a(4). Suppose -3*u = -t + 17, 0 = -t + f*t - u - 13. List the prime factors of t.
11
Let b be 2/(-17) - 26/1105*-5. Suppose 601 = z - n, -4*z = n - b*n - 2389. What are the prime factors of z?
2, 13, 23
Let c be (3 - 60)*(-9 + 4 + 6). Let h = -57 - c. What are the prime factors of h/2 - (-5 - 9)?
2, 7
Suppose -q + 4 = 4*x + x, 4*x = -8. What are the prime factors of q*(-2)/4 + 503?
2, 31
Let o(a) = 6*a**2 - 78*a + 3977. List the prime factors of o(82).
5, 37, 41
Suppose 5*x - n - 55 = -13, -6 = -2*n. Suppose -x*f = -17*f + 12744. What are the prime factors of f?
3, 59
List the prime factors of ((-808)/(-505))/((-2)/(-15080)).
2, 13, 29
Suppose -15*b = -0*b - 56145. Suppose -3*r + 5*j = -b, -5*r - j + 2517 = -3*r. What are the prime factors of r?
2, 157
Let p = 133 - 133. Suppose -r - 4*y + 892 = -p*r, 0 = r + y - 892. List the prime factors of r.
2, 223
List the prime factors of (4/6)/((896/(-1794534))/(-32)).
42727
Let p(d) = 4 + 17 + d - 18. Let l be p(-1). Suppose 5*b + 140 = l*z + 3*z, -z + 5*b = -44. What are the prime factors of z?
2, 3
Let d(f) be the first derivative of 25*f**2 - 5*f - 1. Let a = 938 + -935. What are the prime factors of d(a)?
5, 29
List the prime factors of -1 - -114 - 1 - (-21 + 54/2).
2, 53
Let q be -10*(1 - 3)/4. Suppose -11*h = 3*g - 7*h - 921, -4*g + h + 1209 = 0. Suppose q*r - 267 = g. List the prime factors of r.
2, 3, 19
Let o(u) = -130*u**3 - 124*u**2 - 640*u - 36. List the prime factors of o(-5).
2, 3, 2719
List the prime factors of 3877*(-1 + -6)*-15*17/85.
3, 7, 3877
Let k be (2/4)/(((-77)/28)/11). Let c be k - -5 - (2 - 3) - 2. Suppose 3*w - 4*x - 757 = 0, -508 = -10*w + 8*w + c*x. What are the prime factors of w?
7, 37
Suppose -80*a = -76*a - t - 297, -295 = -4*a - t. What are the prime factors of ((-4)/5)/(a/(-103415))?
2, 13, 43
Suppose 60 = 9*n - 21. Let l = 0 - -43. List the prime factors of (-6)/n*-3*l.
2, 43
Suppose 39096 = 4*i + 4*h, -8*h - 20 = -4*h. List the prime factors of i.
7, 11, 127
Let q be (-4)/(-26) + (-1 - 1233/(-13)). Let o = q + -37. Suppose -4*l + 199 + o = 0. What are the prime factors of l?
2
Suppose -2*b + 2*